*s**2 - 70*s - 82. Let y(p) = 2*p**3 + 22*p**2 - 47*p - 55. Let c(v) = 5*d(v) - 7*y(v). Is c(-12) a multiple of 63?
False
Suppose 4*l - 424 = -2*t - 0*l, -2*l + 414 = 2*t. Let d = -97 + t. Is d a multiple of 21?
True
Suppose 0 = -7*k - k + 48. Suppose -k*i + 3*i + 24 = 0. Is i even?
True
Suppose 49*q - 74260 = 2*q. Is 20 a factor of q?
True
Let j = 7 - 7. Let t = -6 - j. Is (3/t)/(1/(-22)) a multiple of 3?
False
Let f be (-40)/(-25)*5/2. Let y be 26/6 + f/6. Suppose u - 280 = -5*h, 0 = y*h + 5*u - 220 - 40. Is 19 a factor of h?
True
Suppose -3*u = -3*a - 7767, -u - a = -55 - 2542. Is u a multiple of 98?
False
Let j(f) = f**3 - 23*f - 1. Let a(k) = -k**3 - k**2 - 2*k + 6. Let v be a(0). Does 36 divide j(v)?
False
Let x(j) = j**2 + 5*j + 12. Let u be x(-6). Let h(p) = p**3 - 4. Let g be h(2). Suppose -u = -v - 3*f, 5*v + g*f - 35 = -0*f. Is 3 a factor of v?
True
Suppose 13*p = 9*p + 5*n + 931, -3*n + 254 = p. Is p even?
False
Suppose 0 = 2*g - 5*g - 309. Let z = g + 238. Is z a multiple of 15?
True
Suppose b = -27*b + 29736. Is 118 a factor of b?
True
Let v = -8 + -3. Let u be 1 + (v + 3)/1. Let l(p) = -11*p - 6. Does 18 divide l(u)?
False
Is (-1)/(-2) + -4 + 363/6 a multiple of 2?
False
Suppose -221 - 252 = -c + 2*b, b = 2*c - 952. Is 7 a factor of c?
False
Suppose m + 5*t - 2 = 0, -6*m + m = -2*t - 10. Let q = 0 + 5. Suppose q*s = m*s + 165. Is 28 a factor of s?
False
Suppose 3*y = 2*y. Suppose y*q + 3*q = -69. Let c = 41 + q. Does 11 divide c?
False
Suppose 4*q + 68 = 4*r, r - 5*q + 17 = 2*r. Is r a multiple of 3?
False
Let x(o) = 18*o**3 - o**2 - 2*o - 4. Let f(s) = -s**3 - s**2 - s - 1. Let r(k) = -f(k) + x(k). Let j(w) be the first derivative of r(w). Does 13 divide j(-1)?
False
Let v be (-385)/15*1*-3. Let d = 157 - v. Is d a multiple of 6?
False
Does 7 divide (12 - (0 + 7)) + (1 - -211)?
True
Does 18 divide (-10)/35 - (-12104)/28?
True
Let s be ((-12)/(-3))/4 + 1. Suppose 370 = 5*q - 5*m, -s*q - 3*q + 2*m = -358. Is q a multiple of 10?
True
Suppose -3*i - 13 = -n, -2*n - 3*i + 54 = 1. Let w(m) = -m + 61. Is 15 a factor of w(n)?
False
Let s = 6 - -8. Suppose 4*p - s = 10. Suppose p = -2*u + 162. Does 12 divide u?
False
Suppose -4*o + 892 = -3*m, -5*o + 0*m = -3*m - 1118. Is 19 a factor of o?
False
Let o = -2 + -7. Let j(d) = d**2 + 7*d - 8. Let t(v) = -2*v**2 - 13*v + 16. Let g(a) = -13*j(a) - 6*t(a). Is 16 a factor of g(o)?
False
Let a = 126 + -127. Let g(r) = -163*r - 3. Does 32 divide g(a)?
True
Let a = 11 - 5. Suppose -2*r + 4*v + 7 = -9, r + 4*v + 10 = 0. Suppose -r*g + a*g - 168 = 0. Is 14 a factor of g?
True
Is 6 a factor of (2 - 0/1)/(8/704)?
False
Let i be 0*(27/6 - 4). Suppose -5*t - 69 = -4*v, -4*v + i*v + 3*t = -75. Is 16 a factor of v?
False
Suppose 3*h = i + 266, -4*i + 5*h = 585 + 507. Let p = -189 - i. Suppose -m - 19 = -j - 2*m, 0 = 5*j - m - p. Is j a multiple of 9?
True
Let o be -1 + 7 - (-4 + 1). Suppose -o*b + 911 = -1168. Is 21 a factor of b?
True
Does 13 divide ((-3588)/(-4))/(-4 + 0 - -5)?
True
Is ((-1)/1)/((-10)/14570) a multiple of 53?
False
Let i = -97 - -475. Is i a multiple of 16?
False
Let z be 3/15 + 1795/25. Let w = -8 + z. Is 14 a factor of w?
False
Let c = -2726 + 4037. Is c a multiple of 3?
True
Let f be (10 - 11)*(1 + -2). Let r be -1*((-2)/f - 4). Let z = 56 + r. Is 13 a factor of z?
False
Let p(m) = m**3 - 5*m**2 + 5*m - 4. Let z be p(4). Suppose 2*i - 203 + 15 = z. Is i a multiple of 29?
False
Let d = 1727 + -580. Does 37 divide d?
True
Let f be (-15)/((-3)/(-1))*-1. Let s(u) = u**2 + 8*u + 9. Let d be s(-7). Suppose -2*v + f = 5*w, d*v - 6*w = -4*w + 12. Is v a multiple of 5?
True
Let z(k) = -5*k + 10. Let c = -30 - -25. Does 9 divide z(c)?
False
Let r(k) = -14*k**2 + 18. Let w(b) = -9*b**2 + 12. Let t(d) = 5*r(d) - 8*w(d). Is 22 a factor of t(-6)?
True
Let v = -336 + 383. Does 3 divide v?
False
Let u(z) = -2*z**2 + 12*z. Let n be ((-75)/(-20))/((-2)/(-8)). Suppose 0 = -2*m, 3*m + n + 5 = 4*p. Does 3 divide u(p)?
False
Suppose v - 15 = -5*x + 4*v, -4*x - 2*v = 10. Suppose 4 = -s - x, 2*c - s - 46 = 0. Does 7 divide c?
True
Let g = 92 - 92. Suppose g = -14*z + 13*z + 119. Is z a multiple of 16?
False
Let d = -837 - -1167. Is 83 a factor of d?
False
Let h be (6/(-6))/((-2)/6). Suppose 324 = -h*r + 7*r. Is r a multiple of 36?
False
Let g(l) = l**2 - 8*l - 8. Let z be g(10). Is 11 a factor of (-8)/z + 118/6?
False
Suppose 4*f = 16, -3*f + 13315 = 5*g + 503. Does 86 divide g?
False
Let r be (1 + 15/(-10))*-4. Suppose -3*t + 27 = p - 79, 5*t - r*p = 173. Does 5 divide t?
True
Let l be 3 + (-7)/((-28)/8). Suppose q - 3*k - 104 = 0, -4*q = -0*q - l*k - 388. Is 38 a factor of q?
False
Let b(q) = -25*q**3 - 9*q**2 - 5*q - 6. Does 35 divide b(-4)?
True
Is (3 + (-64)/24)/((-1)/(-273)) a multiple of 26?
False
Suppose -3*t + 585 = -3*o, -3*t - 5*o - 215 = -4*t. Is 5 a factor of t?
True
Let c = -342 - -622. Does 8 divide c?
True
Let q(t) = -t**3 - 5*t**2 + t + 7. Let z be q(-5). Suppose -z*d + 8 = -2*f + 18, -2*d - f - 4 = 0. Is d/(-2)*138/9 a multiple of 7?
False
Let y(w) = 6*w**3 - 8*w**2 + 26*w - 42. Is y(6) a multiple of 6?
True
Is (-7 - -8)*(308 - 0) a multiple of 77?
True
Suppose 5*r - 5*g = -125, 2*r + 8*g = 3*g - 64. Let c = r - -33. Is c even?
True
Suppose 3*s + 7 - 150 = -4*g, 5*s - 3*g = 190. Suppose 5*x - 7*l + 2*l = 125, -5*l = -2*x + s. Does 2 divide x?
True
Suppose 7*i + 1476 = 10*i. Does 41 divide i?
True
Suppose h = -4*i + 21, 3*h + 3*i = -0*i + 81. Let v = -26 + h. Suppose 3*u + v*q - 81 = 0, 3*u - 4*q = -0*q + 74. Is u a multiple of 3?
False
Let n be 40/(-50)*1005/(-2). Suppose v - n = -2*v. Suppose -5*a + 351 = 5*l - v, -4*l + 2*a = -394. Is l a multiple of 17?
False
Let p = 11 - 10. Let x be (4 - (3 - -1))/p. Suppose -3*i + 34 + 17 = x. Is i a multiple of 3?
False
Is 13 a factor of 21645/13 - ((-6)/2 + 3)?
False
Let l(t) = -t**3 - 5*t**2 - 4*t. Let i be l(-4). Suppose -9 = -3*f - 4*j, 0 = -f - 2*j - i*j + 3. Suppose 5*p - f*p = 174. Is 11 a factor of p?
False
Is 1*(1 - -1)*420 a multiple of 20?
True
Let z(r) be the first derivative of -1/3*r**3 + 6*r + 4 + 11/2*r**2. Is 12 a factor of z(9)?
True
Let g(u) = -u**3 + 9*u**2 - 8*u - 4. Let c be g(6). Suppose -m + 2*b = -c, -2*b = 4*m + 2*b - 212. Is m a multiple of 3?
True
Suppose -10*m + 374 = m. Is 20 a factor of m/(-8) + 5 + (-418)/(-8)?
False
Let n(w) = -w**2 + 3*w + 13. Let a be n(5). Suppose a*x = -3*b + 21, -3*b = x + x - 26. Does 6 divide b?
True
Let t(w) = 17*w - 118. Is t(25) a multiple of 37?
False
Is (-78)/((-1557)/(-174) - 9) a multiple of 43?
False
Let q be (-6)/(-12) - 1/2. Let y be -2*((3 - q) + -11). Suppose -61 = -5*g - y. Is 3 a factor of g?
True
Let w(x) = -8*x - 5. Let z(y) = -5*y**3 + y**2 + y - 2. Let h be z(1). Does 8 divide w(h)?
False
Let c(z) be the first derivative of 73*z**4/4 - 2*z**3/3 + z**2/2 + 2. Let j(t) = -9*t + 91. Let d be j(10). Is c(d) a multiple of 16?
False
Let l = -2087 + 4816. Is l a multiple of 8?
False
Suppose -2*p - 2 = 0, 4*b + p - 7 = 132. Does 4 divide b - -1 - (-1 - -2)?
False
Let a(i) = 4*i**2 - 3*i - 29. Does 8 divide a(5)?
True
Suppose 3*x - 15 = 0, 4*o - 2*x - 69 = x. Let m be 2/(-7) + 6/o. Suppose 232 = 4*w + d, m = -0*d + d. Is 16 a factor of w?
False
Suppose -2*u + 4*a = -196, -5*u - 4*a = -0*u - 504. Does 10 divide u?
True
Is 128 a factor of (-11522)/(-9) - (4 - (-238)/(-63))?
True
Let d(j) = 888*j - 21. Is d(2) a multiple of 15?
True
Let d(t) = -3*t**2 - 11*t - 12. Let k be d(-8). Let o be 4*(-4 - k/16). Suppose -i + 31 = o. Is i a multiple of 9?
True
Let w(r) be the second derivative of r**6/90 + r**5/24 + r**4/12 + 11*r**3/6 - 4*r. Let o(s) be the second derivative of w(s). Does 8 divide o(-2)?
True
Suppose -13*l - 4*f + 571 = -12*l, -5*l + f = -2960. Does 14 divide l?
False
Let x(k) be the first derivative of k**4/4 + 11*k**3/3 - 17*k**2/2 - k + 36. Does 14 divide x(-12)?
False
Suppose -106*f + 85*f = -7812. Does 12 divide f?
True
Suppose 124 = 2*f + 40. Let k(d) = d**2 + 13*d - 14. Let c be k(-14). Suppose c = -4*j + f + 14. Is 11 a factor of j?
False
Suppose 0 = -2*s - 2*s + 24. Suppose -82 = -s*z + 98. Does 15 divide z?
True
Suppose 0 = t - i - 2, 0 = 5*t - 4*i - 7. Let c be -2 + 5 + 1 - t. Does 24 divide 12*c*(-2)/(-5)?
True
Let m = 2 - 4. Does 3 divide ((-54)/6)/(m - -1)?
Tru